-4 - -10 - 2) + 10) - -42?
47
What is 8 + 46 + -27 - 3?
24
-3 + 18 - (-103 - (-224 - -97))
-9
What is 60 + 65 + 48 + -92?
81
Evaluate (-1 + 9 - (121 - 115)) + 26.
28
Calculate -7 + 94 + -24 + 13.
76
Evaluate -6 + -5 + 3 - (-21 - (15 - 29)).
-1
What is the value of 8 + 3 + (520 - 521)?
10
34 - 19 - (47 + 13 + -8)
-37
What is the value of 69 + -2 + -9 + 35 + -21 + -16?
56
What is the value of -2 + (52 + -87 - -53) - (21 + -2)?
-3
Evaluate -15 - (-64 + 62) - (3 + 13).
-29
What is the value of 32 - (25 + -32 + 0 + 18 - 3)?
24
What is the value of 161 + (5 - 25 - (-1 + -12 + 15))?
139
What is 7 + ((-13 - 3) + 0 - 6 - -2)?
-13
Evaluate -7 + (1 - 6 - -15) + 7 + -39.
-29
What is the value of -1 - (93 + -112 + (-1 - 16))?
35
Calculate -31 + (-11 - -68) - (-3 + -1 + 20).
10
-71 + (14 + -1 + -1 - 8) + -9 + -4
-80
What is the value of (23 - (26 - (17 - -29))) + (-3 - 8)?
32
Calculate -5 - (-14 - (-49 - 12)).
-52
What is -6 + (2 + 5 - -18 - 6) - (143 - 220)?
90
What is the value of -7 + 20 - -3 - (-4 - -5 - (-13 - -5))?
7
Calculate (-32 - -35) + 6 + 4.
13
What is the value of 144 + (-7 - 50) - 38?
49
Evaluate -3 - -6 - ((-11 - (9 - -8)) + 12).
19
Evaluate (3 - 1 - (46 + 6 - 7)) + 14.
-29
Evaluate -6 - (-6 - -18) - -30 - (0 + 99).
-87
Evaluate (-137 + 269 - 138) + -8.
-14
Calculate -12 + 7 + -17 + (0 + 4 - -3) + 59.
44
Evaluate -2 - (-14 + 25 + -6 + 0 - (-13 + 94)).
74
What is the value of (12 + (8 - 37) - (12 - 12)) + 33?
16
Calculate -8 + (25 - 5) + -51 + 36 - 53.
-56
Calculate 10 + -5 + 2 + (-48 - -122).
81
Evaluate 29 + (16 - (8 + 50)) + 6.
-7
Evaluate -107 + (48 - 17) + -19 - (1 + (2 - 5)).
-93
What is the value of (-2 + -27 - -45) + 21 + 47?
84
What is the value of -5 + (1 - 7 - (55 - 56)) + -10?
-20
Evaluate -13 + 0 + (0 - -12) + -6 - -51.
44
What is the value of 1 + -5 - (-19 + 3 - -1 - (11 + -20))?
2
What is the value of 59 - (24 + 8) - -3?
30
Calculate -5 - -21 - (-62 - -30 - -8).
40
Calculate (-10 + -2 - (-311 + 303)) + -18 + 2.
-20
What is -20 - (3 + -3 + -1) - (717 + -724)?
-12
What is 50 - (19 - (33 - 48))?
16
Evaluate 8 + -6 + -23 + -2 + -20.
-43
Calculate (-27 - 16) + 24 + -4.
-23
What is the value of (-30 - 23 - 23) + 14 - -11?
-51
What is (-6 - -2) + (274 - 265) + -12?
-7
Evaluate -253 + 206 + (-3 - 5).
-55
Evaluate (-10 + 3 + 2 - 10) + (-4 - 4).
-23
What is 46191 + -46171 + -1 + -97?
-78
What is -8 + (3 - -1) + -49 + -4 + (-57 - -65)?
-49
What is 9 + -2 + 9 + 18 + 67 + 18?
119
-53 - (-35 + 65 + -130)
47
What is the value of 27 - (7 + 6) - (6 + -90 - -22)?
76
Evaluate 5 + -2 + -26 - (904 + -891).
-36
What is -6 - (3 - 17 - -16 - -50 - 9)?
-49
(9 - -65) + -64 - -52
62
-4 - (5 + -14 + 8 + -9 + (47 - 24))
-17
What is (-2 - 53 - 2) + (-1828 - -1835)?
-50
Evaluate -27 + 51 + (-15 + 13 - -46) + 16.
84
What is the value of 4 - (-8 + (-10 - -1) + 22 + -13)?
12
-61 + 29 - (28 - 38)
-22
What is the value of 74 + -72 + (7 - 46)?
-37
-101 + 114 + (-53 - -37)
-3
Calculate -1 - 97 - (-7995 + 7991).
-94
Calculate 32 - (47 + -17 + -13) - 9.
6
What is the value of (3 + -1 - 4) + 24 - (65 + 40 + -113)?
30
What is the value of (32 + -66 - 20) + 11?
-43
Evaluate 8 + 29 + 0 + 16 + -16 + -15.
22
39 + (-22 - 15) + 24 - 118
-92
342 + -347 + (0 - -10) + 5 + 1 - -34
45
(-32 - -24 - -8) + (-5 - -2 - -37)
34
What is 36 + (-51 - 0 - -36)?
21
-9 + 55 - 55 - (-63 + 1 + -6 + 3)
56
What is -8 - (-21 - -2) - 28?
-17
What is -28 + -33 - (17 + -64)?
-14
Evaluate -17 + (-168 - -87) + (-3 - (-1 - -5)) + 0.
-105
Calculate 26 - (-86 + -29 - -57).
84
(1 + -101 - 6) + -30 - (3 - 6)
-133
What is the value of (-14 - -2) + (-75 - (64 + -87))?
-64
What is the value of 33 + 24 + -122 + 33 + 4?
-28
Evaluate (58 - -11) + -57 + (-3 + 4 - 3).
10
(-5 - (-17 + (-2 - 5 - -8))) + 9
20
Evaluate 14 + 4 - (-31 - 9) - 12.
46
What is (37 - -3) + 17 + -25 + 10 + 3?
45
What is 69 + -80 + (43 - (3 + -5)) + -1?
33
Calculate 44 - (9 + -6 + (19 - 17)) - 0.
39
(-11727 - -11664) + -2 + 13 + -1
-53
Calculate -30 + 44 + 6 - 57 - -110.
73
What is the value of -36 + 79 + -24 - 56?
-37
Calculate -84 - (-16 + -9 + -16).
-43
Calculate 11 + 15 + (-1 - (35 - 3)) + 19.
12
Calculate -46 + 196 + -116 - -77.
111
Evaluate (3 - 1) + -73 + (4071 - 4058).
-58
Calculate -43 - (-48 + 68 + -43).
-20
What is the value of -13 - (52 - (57 + 27))?
19
Evaluate 2326 + -2299 + (16 - (1 - -1)).
41
Evaluate (14 - (18 - 9)) + 3 + -61 + 12.
-41
1 + 7 - (1 + 20 - (-213 - -198))
-28
Calculate 5 - (45 - -22 - 38).
-24
Calculate 84 + (-14 - 72) + 100.
98
Evaluate 2 + 13 + (-27 - -249 - 250).
-13
Calculate (90 + -47 - 6) + -41 - (1 + 21 - -1).
-27
Evaluate -1 + 2 + -23 + (104 - -4 - -19).
105
Evaluate 34 + 42 + -39 + 13.
50
(-8 - (56 + (-32 - -9))) + 5
-36
Calculate 21 + -3 - (89 + 31 + -14 + -28).
-60
What is the value of -8 - (-50 + 32 + 9 - (35 - (-4 + 2)))?
38
(-52 + 164 - 51) + -16 - (-12 - -2)
55
Evaluate (-18 - (-30 - -16 - (-1 + -2))) + (-2 - 28).
-37
What is the value of (0 - 0) + 11 + -34 + -5 + 16?
-12
What is the value of -4 - (-10 + (18 - 13 - (11 - -69)))?
81
What is (5 - 19 - -65) + 11 + 5?
67
Evaluate -18 - (13 - 0 - (552 - 488)).
33
Evaluate 2 + 60 + (-53 - (-176 + 123)).
62
What is the value of -42 + -70 + -15 + (20 - -12)?
-95
-16 - (-34 - (-56 - -27)) - (1 - 2 - 11)
1
Calculate 30 + -28 - (3 + 9 + 4 + -5 + -1).
-8
Evaluate -17 - (-3 + 2 + -23) - (1 - 2).
8
What is -125 + -37 + (10 - -37) + (-1 - 20)?
-136
37 + (-193 - -42) + 176
62
Calculate 1 - (29 + -33 - (-19 + 2)) - (39 - -1).
-52
4 + (-54 - -31) + 13
-6
Evaluate (19 + 4 + 3 + -105 - 16) + -12 + 5.
-102
Evaluate -33 + -35 + 68 + (8 - -3).
11
What is -14 + (-191 - -180 - (0 + -11) - 0)?
-14
-8 + -14 + 5 + 5 + 71 + -7 + 17
69
-25 + -17 + (16 - 3 - 8)
-37
Evaluate -1 + 8 + (4 - (-8 - -3)) + -12.
4
2 - -116 - (2721 + -2510)
-93
Calculate -21 + (-32 - (-4 + -16)) + -9.
-42
What is the value of -3 + 2 - (-11 - (7 + -4 - 2))?
11
(-61 + 206 - 197) + 0 + 1 + -9
-60
What is (20 - (-24 + 62)) + -26?
-44
Calculate -6 + -22 + (-6 - -36) - (1 + 3 + -86).
84
What is the value of 2 + 8 - 33 - ((16 - 5) + -10 - 2)?
-22
What is the value of (32 - 12 - 34) + (4 - -9) - -14?
13
Calculate -9 - (9 + -5 + (-62 - -64)).
-15
What is -1 - ((26 - -33) + 3)?
-63
What is the value of (0 - (2 - (14 - 4))) + (-53 - -90)?
45
-60 - (-12 - 14) - 38
-72
Calculate (-8 - (32 - 1)) + 19 + -21.
-41
20 + (22 + -19 - -80) + -32
71
Evaluate (41 - (104 + -16)) + -25 + 16.
-56
Evaluate (-18 - (4 + -16 - -5)) + (39 - -2).
30
What is the value of 77 + 28 + (-88 - -14)?
31
What is the value of -13 + 1 - (-946 - -929)?
5
What is 1 + -7 - (52 - -1 - (690 + -691))?
-60
Evaluate 116 + (-16 - 66) - (-1 - -17).
18
Evaluate 2 - ((26 - 68) + 1).
43
9 + -10 + (63 - 1) + (42 - 32)
71
0 + 17 - (2 + 80 + (154 - 161))
-58
Calculate -19 + 30 + (-25 - -10) - 35.
-39
Calculate -29 + 112 + -35 + -29.
19
Evaluate (1 - -18) + (26 - 9 - -12).
48
Evaluate -49 + (-10 - -32 - 82) + (1 - 15).
-123
Evaluate (-5 + 5 - -6) + 4 - (-9 - -2).
17
What is the value of -6 + -54 + (0 - 5 - -23) + (-2 - -8)?
-36
Calculate 22 - (21 + (13 - -28) + 17).
-57
What is the value of (5 - -4) + -30 - (-11 + -46)?
36
What is (-41 - (-29 - 8)) + (8 - -125)?
129
Calculate -7 + 10 + (-1 - -11) - (63 + -65).
15
Calculate -6 + (15 + -10 - 3) + 6 - 34.
-32
-7 - (-8 + ((2 - (10 - 7)) + -8 - -59))
-49
106 + -52 + -19 + 15
50
(-10 - (1 + 2)) + (49 - (30 + -37))
43
What is 10 - ((38 - 0) + -108 - -40)?
40
What is 65 + -96 + (1 + -5 - -88)?
53
Evaluate 1 + -62 - (-23 + (5 - 1) + 215 + -204).
-53
What is -119 + -19 + 98 - -112?
72
What is the value of -42 - (-41 - (-69 + 23))?
-47
What is -1 + 11 + (8 - -26) + -28 + (-1 - 14)?
1
(-9 - 1 - (-18 + 1) - 4) + 2 + -19
-14
What is -19 + (51 - -27) + -54?
5
What is the value of -22 + -2 + (55 - 25) - (-3 + 6)?
3
Calculate (47 - 37 - 8) + -9.
-7
-255 - (-27 - (-58 + 186))
-100
What is the value of -41 + (-35 - -47) + -1?
-30
What is (69 + 17 + -42 - 36) + -2 + 1 + -35?
-28
What is the value of (4 - -8) + 1 + (-9 + 5 - (1 + 6))?
2
Calculate -2311 - -2381 - (43 + (-2 - 0)).
29
Calculate -7 + -7 + -1 - (-5 - 26).
16
Evaluate -11 - (-16 - -38) - (-6 + -1 + (-23 - -33)).
-36
What is (340 - 337) + (-5 + 0 - -4) + 3 + 10?
15
What is the value of (3 - -1) + -3276 + 3320?
48
What is 16 + 0 + (-183 - -98 - -86)?
17
What is the value